
Let p(h) = -h**2 - 13*h - 14. Calculate p(-4).
22
Let g(t) = -2*t - 5. Calculate g(-5).
5
Let d(t) = t**2 - 27*t - 247. Calculate d(34).
-9
Let i(h) = -h**2 + 5*h - 4. Give i(7).
-18
Let n(w) = -161*w - 480. Determine n(-3).
3
Let u(n) = 18*n + 87. Determine u(-5).
-3
Let i(m) = 12*m**2 - 3*m - 3. Determine i(-2).
51
Let k(i) = -77*i - 12. Give k(1).
-89
Let y(b) = 2*b + 5. Give y(-7).
-9
Let z(o) = -2*o**2 - 15*o - 12. Determine z(-7).
-5
Let n(v) = -v**3 - 50*v**2 - 47*v + 93. Give n(-49).
-5
Let z(s) = s**3 - 5*s**2 - 9*s + 5. Calculate z(6).
-13
Let d(y) = -y**2 - 5*y + 37. Determine d(4).
1
Let c(h) = h**2 + h - 19. Calculate c(3).
-7
Let w(i) = 82*i**2 - 3*i + 2. What is w(1)?
81
Let k(r) = 2*r**2 - 20*r + 11. Give k(9).
-7
Let l(x) = x**2 + 3*x - 14. Determine l(-6).
4
Let h(u) = -15*u + 250. Calculate h(17).
-5
Let s(n) = n**2 + 5*n + 3. Determine s(-6).
9
Let j(p) = 3*p + 12. Determine j(-11).
-21
Let c(h) = -12*h - 12. Determine c(2).
-36
Let w(t) = -t**3 + 4*t**2 + 5*t + 4. Calculate w(5).
4
Let d(v) = v + 3. Calculate d(-9).
-6
Let s(q) = -q**3 - 92*q**2 - 96*q - 452. Determine s(-91).
3
Let s(v) = v**3 + 7*v**2 + 22*v + 6. Give s(-3).
-24
Let g(y) = 2*y**3 - 27*y**2 - 12*y - 14. What is g(14)?
14
Let j(i) = -i**3 + 6*i + 3. Calculate j(-2).
-1
Let r(s) = 27*s - 23. Determine r(2).
31
Let n(w) = w**2 - 7*w + 15. Give n(8).
23
Let h(t) = -4*t + 16. Calculate h(10).
-24
Let i(p) = -2*p**3 + 5*p**2 + 5*p + 4. Determine i(3).
10
Let g(p) = -p**2 - 8*p - 12. Calculate g(-5).
3
Let o(d) = d**2 + d - 11. What is o(-3)?
-5
Let o(s) = -14*s - 97. Give o(-7).
1
Let z(y) = y**3 + 14*y**2 - 15. Calculate z(-14).
-15
Let z(l) = l**3 - 7*l**2 + 2*l + 6. Determine z(6).
-18
Let t(l) = l**3 + 12*l**2 - 37*l - 35. What is t(-15)?
-155
Let n(l) = -2*l + 35. Determine n(12).
11
Let x(v) = 2*v**3 - 3*v**2 - v + 9. Calculate x(3).
33
Let y(n) = 5*n + 32. Give y(0).
32
Let y(q) = q**3 - 5*q**2 + q + 8. What is y(5)?
13
Let l(w) = -w**2 + 2*w + 13. Give l(-3).
-2
Let m(p) = -p - 32. Calculate m(-20).
-12
Let c(b) = 3*b**3 - 2*b**2 + b + 2. What is c(-1)?
-4
Let q(c) = -3*c + 76. Calculate q(26).
-2
Let p(i) = 4*i + 12. Give p(-6).
-12
Let h(z) = 13*z + 3. Give h(3).
42
Let a(m) = 4*m + 36. Calculate a(-7).
8
Let x(h) = -2*h - 20. What is x(5)?
-30
Let l(b) = -b**3 + 10*b**2 - 19*b - 17. Give l(4).
3
Let d(x) = -x**3 - 8*x**2 - 6*x - 12. What is d(-7)?
-19
Let i(u) = 2*u + 1. What is i(-1)?
-1
Let a(k) = -2*k**2 - 6*k + 8. Determine a(-4).
0
Let h(q) = 18*q + 1702. Calculate h(-95).
-8
Let p(c) = 10*c - 11. What is p(6)?
49
Let o(f) = 2*f + 75. What is o(-35)?
5
Let q(o) = -4*o**3 + o**2 + 2*o. Calculate q(-2).
32
Let b(m) = -m**3 + 8*m**2 + 8*m + 5. Give b(9).
-4
Let j(b) = -b**3 + 19*b**2 - 49*b + 18. Determine j(16).
2
Let h(w) = -w**3 + 5*w**2 + 15*w + 10. Calculate h(7).
17
Let d(n) = 5*n - 13. Give d(3).
2
Let j(f) = 14*f + 9. Give j(-1).
-5
Let w(a) = -a**3 - 4*a**2 + 5*a - 1. Determine w(-6).
41
Let c(x) = 56*x - 676. Give c(12).
-4
Let s(y) = -y - 4. Determine s(3).
-7
Let t(h) = 2*h**3 - 32*h**2 - 4*h + 69. Give t(16).
5
Let p(f) = -2*f - 9. Determine p(-4).
-1
Let c(o) = -o**3 + 3*o**2 + 1. Give c(2).
5
Let k(n) = -3*n**3 - 1. Give k(-1).
2
Let o(b) = 23*b - 106. What is o(11)?
147
Let z(s) = -10*s + 1. Give z(5).
-49
Let r(d) = -d**3 - 2*d**2 - 4*d - 3. Calculate r(-2).
5
Let h(i) = i**2 - 12*i - 1. Give h(8).
-33
Let u(q) = 14*q**2 + 4*q + 9. Calculate u(-2).
57
Let m(t) = t**2 + 21*t - 61. What is m(-23)?
-15
Let p(i) = 5*i + 73. Calculate p(-9).
28
Let k(x) = x**3 - 8*x**2 - 13*x + 7. Calculate k(8).
-97
Let j(v) = v**3 - 10*v**2 - 12*v + 9. What is j(11)?
-2
Let l(q) = -q**2 - 8*q. Calculate l(-7).
7
Let t(l) = -l**3 + l**2 + l + 37. Determine t(0).
37
Let d(u) = u**2 + 9*u - 9. What is d(-10)?
1
Let a(s) = -s**3 + 6*s - 1. What is a(3)?
-10
Let j(a) = a**3 + 4*a**2 - 5*a - 5. What is j(-5)?
-5
Let a(k) = k**3 - 22*k**2 + 3*k - 73. Give a(22).
-7
Let t(a) = -9*a**2 - 107*a + 2. Give t(-12).
-10
Let k(n) = -n**2 + 14*n - 40. Give k(12).
-16
Let v(c) = 4*c**2 - 38*c - 111. Calculate v(12).
9
Let b(s) = -s**2 + 11*s + 46. Calculate b(15).
-14
Let o(w) = 4*w**2 + 11*w + 20. What is o(-4)?
40
Let t(r) = r**3 + 2*r**2 - 14*r + 1. Give t(-5).
-4
Let t(g) = -g**2 - 8*g - 8. Calculate t(-6).
4
Let p(c) = c**3 - 17*c**2 - 33*c - 9. Give p(19).
86
Let v(y) = -2*y**2 - 10*y + 11. Give v(-5).
11
Let t(q) = q**2 + 5*q - 9. What is t(0)?
-9
Let t(b) = b**3 + 5*b**2 - b. What is t(-6)?
-30
Let a(q) = 10*q + 88. Calculate a(-9).
-2
Let j(d) = 2*d**2 - 56*d + 58. Give j(27).
4
Let z(r) = 15*r**2 + 4*r + 3. Give z(-1).
14
Let i(z) = 10*z**2 - 2*z - 1. Give i(-1).
11
Let k(j) = j**3 - 16*j**2 + 17*j - 15. What is k(15)?
15
Let m(u) = u**2 - 11*u + 26. Determine m(-8).
178
Let z(o) = o**3 + 5*o**2 + 7*o + 17. Give z(-4).
5
Let b(v) = v**2 + 10*v + 9. Give b(-6).
-15
Let y(a) = 20*a - 155. Give y(11).
65
Let c(o) = -o**3 - 14*o**2 - 36*o - 22. Determine c(-11).
11
Let x(i) = i**2 - 7*i - 6. Give x(0).
-6
Let m(v) = -9*v - 49. What is m(-6)?
5
Let h(l) = 2*l**3 + 12*l**2 + 12*l + 8. Give h(-5).
-2
Let q(m) = m + 6. Give q(3).
9
Let u(i) = -i**2 + 7*i + 29. Determine u(9).
11
Let l(d) = d**3 + 13*d**2 + 2*d + 1. Give l(-13).
-25
Let i(l) = -l**3 - 15*l**2 - 23*l + 17. Calculate i(-13).
-22
Let q(i) = -4*i - 19. Determine q(4).
-35
Let q(s) = -s**3 - 7*s**2 - 3*s + 7. Calculate q(-6).
-11
Let p(x) = -x**3 + 7*x**2 + 10*x - 2. Determine p(7).
68
Let s(l) = l**2 - 18*l + 38. Determine s(16).
6
Let f(u) = u**3 - 17*u**2 + 10. Give f(17).
10
Let o(k) = -k**2 - 10*k - 14. Give o(-13).
-53
Let x(n) = 70*n + 124. Determine x(-3).
-86
Let g(j) = -j**2 + 12*j + 72. Give g(16).
8
Let t(s) = -5*s - 4. What is t(8)?
-44
Let j(b) = 2*b + 30. What is j(-17)?
-4
Let t(h) = 4*h**2. Calculate t(5).
100
Let i(t) = -t**3 + 14*t**2 + 17*t - 17. What is i(15)?
13
Let c(n) = n**3 - 9*n**2 + 8*n + 5. Calculate c(8).
5
Let j(d) = d**2 - 36*d + 246. Give j(27).
3
Let n(k) = -k**2 - 8*k + 26. Give n(-10).
6
Let c(a) = -a**3 - 5*a**2 + 6*a - 1. Give c(-6).
-1
Let k(n) = -n**2 + 7*n - 2. Calculate k(9).
-20
Let w(b) = -b**2 - 6*b - 4. What is w(-5)?
1
Let v(h) = h - 36. Calculate v(-20).
-56
Let h(l) = -l**2 - 2*l + 4. Calculate h(-8).
-44
Let z(u) = 3*u**3 - 34*u**2 + 12*u - 21. What is z(11)?
-10
Let z(i) = -i**2 + 3*i. Give z(5).
-10
Let q(x) = -x**3 - 16*x**2 + 30*x - 34. Give q(-18).
74
Let y(c) = -c**2 - 11*c - 4. Give y(-10).
6
Let s(n) = -n**3 + 10*n**2 + 24*n - 13. What is s(12)?
-13
Let a(p) = 2*p**2 - 3*p + 1. Determine a(2).
3
Let h(p) = p**2 - 45. Determine h(-7).
4
Let l(n) = -n**2 - 5*n - 5. Give l(-6).
-11
Let q(k) = k**2 + 8*k + 33. Calculate q(-4).
17
Let q(j) = -j**3 + 6*j**2 - 4*j - 6. What is q(4)?
10
Let z(a) = -5*a**3 - 2*a**2 + 14*a - 1. Give z(3).
-112
Let x(u) = -u**3 - 19*u**2 - 16*u + 18. Give x(-18).
-18
Let u(b) = -b**3 + b**2 - b - 10. Determine u(0).
-10
Let s(i) = -12*i + 101. Calculate s(10).
-19
Let b(q) = -q**2 - 4*q - 5. Give b(-5).
-10
Let r(v) = v**3 - v**2 - 6*v + 7. Determine r(2).
-1
Let l(t) = -t**3 + 6*t**2 - 5*t - 5. Calculate l(5).
-5
Let i(b) = b**2 + 3*b - 48. Give i(5).
-8
Let u(g) = g**3 - 4*g**2 + g + 2. What is u(3)?
-4
Let f(b) = 22*b + 4. Calculate f(3).
70
Let g(d) = 2*d**2 - 26*d + 5. Give g(13).
5
Let n(i) = 49*i**3 + 2*i**2 - 2*i + 1. What is n(1)?
50
Let w(m) = m**2 + 11*m - 12. What is w(-10)?
-22
Let b(z) = 10*z - 6. Determine b(-2).
-26
Let p(d) = -3*d - 5. Determine p(1).
-8
Let m(k) = 31*k**3 - k**2. Determine m(-1).
-32
Let n(c) = 12*c**2 + c + 3. What is n(-2)?
49
Let w(z) = -13*z - 185. What is w(-15)?
10
Let h(v) = -v**2 + 12*v + 6. Give h(12).
6
Let a(v) = -3*v + 30. Determine a(10).
0
Let f(k) = -k + 8. Give f(8).
0
Let l(p) = -p - 16. What is l(-12)?
-4
Let z(h) = h + 15. What is z(-8)?
7
Let l(i) = -2*i**2 + 15*i - 8. What is l(7)?
-1
Let a(r) = r - 12. Determine a(3).
-9
Let w(d) = 3*d**2 + 77*d - 30. Determine w(-26).
-4
Let l(x) = 48*x - 37. Calculate l(1).
11
Let i(s) = -s**2 - 13*s - 27. Give i(-7).
15
Let x(g) = 7*g + 22. What is x(4)?
50
Let y(d) = d**2 - d + 6. What is y(0)?
6
Let o(k) = -2*k**2 - 7*k + 10. What is o(-5)?
-5
Let m(c) = 98*c**2 - 1. What is m(1)?
97
Let z(t) = -t**2 + 6*t + 3. Determine z(5)